st the prime factors of 13548167.
17, 796951
List the prime factors of 189851.
189851
List the prime factors of 1963896.
2, 3, 11, 43, 173
List the prime factors of 14187507.
3, 151, 31319
What are the prime factors of 1528670?
2, 5, 11, 13, 1069
List the prime factors of 5805144.
2, 3, 80627
List the prime factors of 120812.
2, 30203
List the prime factors of 1973246.
2, 11, 257, 349
What are the prime factors of 9481452?
2, 3, 790121
List the prime factors of 184435.
5, 36887
List the prime factors of 18103098.
2, 3, 13, 232091
List the prime factors of 253299.
3, 23, 3671
List the prime factors of 6782584.
2, 379, 2237
List the prime factors of 2463130.
2, 5, 17, 14489
List the prime factors of 96500.
2, 5, 193
What are the prime factors of 36595786?
2, 19, 963047
List the prime factors of 848781.
3, 94309
What are the prime factors of 172486?
2, 86243
What are the prime factors of 2289209?
13, 293, 601
List the prime factors of 439218.
2, 3, 13, 1877
What are the prime factors of 1210908?
2, 3, 19, 47, 113
List the prime factors of 646342.
2, 19, 73, 233
List the prime factors of 258905.
5, 53, 977
List the prime factors of 3665658.
2, 3, 29, 21067
What are the prime factors of 2688083?
41, 65563
List the prime factors of 5503498.
2, 7, 11, 13, 2749
List the prime factors of 217308.
2, 3, 7, 13, 199
What are the prime factors of 7613283?
3, 29, 87509
What are the prime factors of 649203?
3, 216401
List the prime factors of 3759339.
3, 31, 40423
What are the prime factors of 194354?
2, 97177
List the prime factors of 134920.
2, 5, 3373
What are the prime factors of 175387?
127, 1381
List the prime factors of 1175961.
3, 391987
What are the prime factors of 408663?
3, 17, 2671
List the prime factors of 7099059.
3, 11, 215123
List the prime factors of 1810138.
2, 11, 82279
List the prime factors of 86327.
173, 499
List the prime factors of 1182298.
2, 13, 37, 1229
What are the prime factors of 153843?
3, 19, 2699
What are the prime factors of 1892312?
2, 53, 4463
What are the prime factors of 1475725?
5, 59029
List the prime factors of 158960.
2, 5, 1987
List the prime factors of 7910529.
3, 11, 239713
List the prime factors of 61107.
3, 20369
List the prime factors of 219249.
3, 17, 1433
What are the prime factors of 10326194?
2, 5163097
List the prime factors of 2587142.
2, 53, 24407
List the prime factors of 21722811.
3, 11, 37, 17791
List the prime factors of 3194497.
3194497
List the prime factors of 244583.
244583
What are the prime factors of 1933893?
3, 13, 16529
What are the prime factors of 31908663?
3, 3545407
What are the prime factors of 879405?
3, 5, 23, 2549
What are the prime factors of 495192?
2, 3, 47, 439
List the prime factors of 57012.
2, 3, 4751
List the prime factors of 607451.
13, 46727
List the prime factors of 1557904.
2, 97369
What are the prime factors of 4300007?
4300007
What are the prime factors of 364497?
3, 7, 17, 1021
What are the prime factors of 426196?
2, 47, 2267
List the prime factors of 306065.
5, 41, 1493
List the prime factors of 12561857.
7, 11, 14831
List the prime factors of 4700566.
2, 13, 13907
What are the prime factors of 334286?
2, 19, 463
What are the prime factors of 2166203?
13, 166631
What are the prime factors of 6818583?
3, 2272861
What are the prime factors of 4161887?
359, 11593
What are the prime factors of 4111907?
421, 9767
What are the prime factors of 2460672?
2, 3, 89
List the prime factors of 62030.
2, 5, 6203
List the prime factors of 2133195.
3, 5, 71, 2003
List the prime factors of 2967674.
2, 47, 131, 241
List the prime factors of 9215316.
2, 3, 11, 7757
List the prime factors of 150383.
150383
List the prime factors of 1117395.
3, 5, 31, 89
What are the prime factors of 28223455?
5, 13, 19, 22853
List the prime factors of 3212145.
3, 5, 41, 1741
What are the prime factors of 234386?
2, 117193
What are the prime factors of 1811891?
29, 43, 1453
List the prime factors of 11820900.
2, 3, 5, 7, 13, 433
List the prime factors of 3297104.
2, 206069
What are the prime factors of 1802683?
1802683
What are the prime factors of 2649859?
971, 2729
List the prime factors of 3809790.
2, 3, 5, 42331
What are the prime factors of 37776986?
2, 13, 1452961
List the prime factors of 673345.
5, 134669
List the prime factors of 38323.
19, 2017
What are the prime factors of 4117714?
2, 2058857
List the prime factors of 16558580.
2, 5, 827929
What are the prime factors of 56190?
2, 3, 5, 1873
List the prime factors of 4462962.
2, 3, 7, 106261
What are the prime factors of 442036?
2, 7, 15787
What are the prime factors of 2360859?
3, 37, 21269
List the prime factors of 473931.
3, 5851
List the prime factors of 198769.
198769
What are the prime factors of 116956?
2, 7, 4177
What are the prime factors of 538528?
2, 16829
What are the prime factors of 1667719?
71, 83, 283
List the prime factors of 144138.
2, 3, 24023
List the prime factors of 4156321.
13, 37, 8641
What are the prime factors of 2006?
2, 17, 59
What are the prime factors of 320774?
2, 160387
What are the prime factors of 259999?
37, 7027
What are the prime factors of 559729?
29, 19301
What are the prime factors of 125237?
7, 17891
List the prime factors of 3822736.
2, 238921
What are the prime factors of 745685?
5, 293, 509
List the prime factors of 3333019.
3333019
List the prime factors of 496229.
496229
What are the prime factors of 8706140?
2, 5, 435307
What are the prime factors of 5933463?
3, 1977821
What are the prime factors of 626693?
626693
What are the prime factors of 22796147?
11, 67, 30931
List the prime factors of 18018070.
2, 5, 7, 257401
List the prime factors of 336454.
2, 168227
What are the prime factors of 4571180?
2, 5, 228559
List the prime factors of 238393.
19, 12547
List the prime factors of 326813.
71, 4603
List the prime factors of 8545713.
3, 11, 17, 15233
List the prime factors of 5288905.
5, 1057781
What are the prime factors of 489754?
2, 244877
What are the prime factors of 331791?
3, 110597
What are the prime factors of 685723?
685723
What are the prime factors of 290073?
3, 7, 19, 727
What are the prime factors of 1149689?
1149689
What are the prime factors of 35155?
5, 79, 89
List the prime factors of 6329042.
2, 3164521
List the prime factors of 184242.
2, 3, 30707
What are the prime factors of 141021?
3, 1741
List the prime factors of 2009457.
3, 223273
What are the prime factors of 22151695?
5, 103, 43013
List the prime factors of 785272.
2, 103, 953
What are the prime factors of 13765735?
5, 2753147
List the prime factors of 2142344.
2, 281, 953
List the prime factors of 3478010.
2, 5, 347801
What are the prime factors of 27944625?
3, 5, 43, 1733
List the prime factors of 38251.
29, 1319
List the prime factors of 451533.
3, 41, 3671
What are the prime factors of 219983?
219983
What are the prime factors of 779462?
2, 29, 89, 151
What are the prime factors of 4351450?
2, 5, 29, 3001
What are the prime factors of 338435?
5, 113, 599
List the prime factors of 465364.
2, 116341
List the prime factors of 7289278.
2, 31, 89, 1321
List the prime factors of 401174.
2, 200587
What are the prime factors of 5417691?
3, 1805897
What are the prime factors of 1599865?
5, 319973
List the prime factors of 9639218.
2, 4819609
What are the prime factors of 197998?
2, 98999
What are the prime factors of 9151000?
2, 5, 9151
What are the prime factors of 5594231?
331, 16901
What are the prime factors of 65706?
2, 3, 47, 233
What are the prime factors of 294395?
5, 97, 607
List the prime factors of 510112.
2, 19, 839
List the prime factors of 165556.
2, 41389
What are the prime factors of 1938130?
2, 5, 193813
List the prime factors of 861938.
2, 7, 11, 29, 193
What are the prime factors of 3672465?
3, 5, 103, 2377
What are the prime factors of 4292886?
2, 3, 13, 47, 1171
What are the prime factors of 1934514?
2, 3, 107473
List the prime factors of 120148.
2, 7, 613
What are the prime factors of 12934905?
3, 5, 31, 27817
List the prime factors of 1199989.
7, 171427
What are the prime factors of 404560?
2, 5, 13, 389
List the prime factors of 1446773.
83, 17431
What are the prime factors of 16597?
7, 2371
What are the prime factors of 333473?
7, 47639
List the prime factors of 633516.
2, 3, 13, 31, 131
What are t